 t(a) = -a**3 + 97*a**2 - 2013*a - 29. Calculate t(30).
-119
Let w(c) = -4755*c + 404184. Give w(85).
9
Let l(h) = 383634*h + 7289052. Determine l(-19).
6
Let p(j) = 111324*j + 23. Determine p(0).
23
Let v(k) = -k**2 + 1145*k - 253495. Calculate v(300).
5
Let m(y) = -y**2 + 370*y + 16787. What is m(-41)?
-64
Let k(l) = -1640*l + 39204. What is k(24)?
-156
Let i(c) = c**2 + 4987*c - 185887. What is i(37)?
1
Let h(z) = 8501*z + 161534. Determine h(-19).
15
Let y(v) = 3*v**2 + 925*v - 19051. Calculate y(20).
649
Let g(u) = -3*u**2 - 324*u - 3479. Calculate g(-96).
-23
Let d(v) = -1553*v + 33084. Give d(21).
471
Let t(v) = -4*v**3 - 93*v**2 + 65*v - 66. Give t(-24).
102
Let l(p) = -696*p + 18789. Calculate l(27).
-3
Let n(q) = 515*q + 73886. What is n(-152)?
-4394
Let q(j) = 260*j**2 + 1107*j + 1106. Determine q(-1).
259
Let n(y) = 108*y**2 + 19874*y + 642. Determine n(-184).
274
Let o(i) = -1266253*i - 6331280. Determine o(-5).
-15
Let w(n) = 2*n**3 + 59*n**2 - 428*n - 1671. Calculate w(-35).
-166
Let z(d) = 64*d - 7387. Calculate z(111).
-283
Let v(a) = 44*a**2 + 377*a + 197. What is v(-8)?
-3
Let l(c) = -c**3 - 32*c**2 + 17*c - 280. Calculate l(-15).
-4360
Let v(w) = -11*w**2 + 76102*w - 228219. Determine v(3).
-12
Let n(z) = -z**3 - 10*z**2 - 77*z - 122. Give n(-8).
366
Let c(w) = -1841*w - 119669. Calculate c(-65).
-4
Let v(u) = 20052*u - 1263269. What is v(63)?
7
Let i(b) = 797*b + 41466. Calculate i(-52).
22
Let d(p) = 2*p**2 + 9*p - 61641. Determine d(-176).
-1273
Let z(t) = t**2 - 672*t + 84049. What is z(166)?
53
Let v(b) = -44*b + 2865. Calculate v(65).
5
Let d(w) = -w**3 - 461*w**2 + 19*w + 8728. Determine d(-461).
-31
Let c(n) = 1722*n - 18836. Give c(11).
106
Let c(y) = -y**3 + 146*y**2 - 902*y + 47401. Give c(142).
-27
Let h(u) = -16*u**2 + 617*u - 4291. Give h(9).
-34
Let m(b) = 4839*b - 67722. What is m(14)?
24
Let j(z) = 3370*z**2 - 370700*z + 37. What is j(110)?
37
Let y(n) = 1193*n + 8535. Give y(-7).
184
Let g(k) = -2*k**2 + 38*k + 720. Calculate g(-12).
-24
Let o(z) = -53*z**2 + 6498*z - 3935. Give o(122).
-31
Let d(n) = n**3 - 6*n**2 - 7436*n + 51999. What is d(7)?
-4
Let z(i) = 38*i**2 + 1872*i - 7522. Determine z(-53).
4
Let m(a) = a**3 - 16*a**2 - 6*a - 7. Determine m(15).
-322
Let u(m) = -36*m**3 + 46*m**2 + 81*m - 36. Calculate u(-2).
274
Let r(g) = -22*g**2 + 286*g + 1126. Give r(-4).
-370
Let f(w) = -16*w**2 + 2815*w + 5645. What is f(-2)?
-49
Let c(t) = 5*t**3 - 2929*t**2 - 18357*t + 3061. Determine c(592).
101
Let x(t) = -41138*t + 246808. Determine x(6).
-20
Let y(u) = 131*u + 5478. Determine y(-27).
1941
Let u(y) = y**2 - 835*y + 29187. Determine u(36).
423
Let d(g) = g**2 + 5337*g - 123274. Calculate d(23).
6
Let f(o) = -2*o**2 - 126*o + 2999. Determine f(21).
-529
Let c(m) = m**2 - 4040*m - 89595. Calculate c(-22).
-231
Let f(b) = -286*b**2 - 38185*b + 57387. What is f(-135)?
12
Let a(b) = -88*b + 296. Determine a(2).
120
Let x(k) = -10*k**3 - 109*k**2 + 3123*k + 34208. Give x(-11).
-24
Let z(g) = -324*g - 4206. Give z(-13).
6
Let c(o) = -3*o**3 + 33*o**2 - 110*o + 629. Calculate c(9).
125
Let i(y) = 2*y**3 + 77*y**2 - 2705*y + 13006. Calculate i(6).
-20
Let j(y) = y**2 - 289*y - 5875. Give j(-18).
-349
Let g(j) = j**2 - 93*j - 2641. What is g(116)?
27
Let o(h) = -h**3 + 5550*h**2 - 16657*h + 13. What is o(3)?
-35
Let y(i) = i**2 + 3386*i + 472884. Calculate y(-146).
-156
Let q(c) = -4070*c + 32531. Determine q(8).
-29
Let f(u) = -81*u**2 - 17576*u + 192. What is f(-217)?
-25
Let p(j) = -3440661*j + 13762639. Calculate p(4).
-5
Let p(n) = -2*n**3 + 701*n**2 + 14425*n + 1851. What is p(370)?
1
Let y(d) = 8*d**2 + 359*d - 375. Give y(-40).
-1935
Let y(m) = m**3 - 199*m**2 - 4521*m + 30874. What is y(219)?
-5
Let i(p) = -64376*p + 515031. What is i(8)?
23
Let q(b) = -3*b**2 - 87177*b + 959312. Determine q(11).
2
Let w(z) = -11*z**2 - 4125*z + 37. Calculate w(-375).
37
Let p(d) = 2*d**3 - 111*d**2 + 174*d - 491. Give p(54).
157
Let x(m) = 2*m**3 - 65*m**2 + 155*m - 107. Determine x(30).
43
Let h(t) = 7754*t + 30979. What is h(-4)?
-37
Let p(l) = -l**3 + 84*l**2 + 31*l - 217. What is p(84)?
2387
Let m(p) = 2538*p + 36368. Determine m(-14).
836
Let z(k) = -17*k - 325. What is z(14)?
-563
Let t(c) = -2273*c - 1811570. Give t(-797).
11
Let a(s) = s**3 - 465*s**2 - 587*s + 56367. What is a(466)?
-19
Let n(s) = 446*s + 19090. What is n(-56)?
-5886
Let c(l) = l**3 + 226*l**2 - 1644*l - 58478. Determine c(-232).
-14
Let j(h) = -7*h**2 - 11877*h - 94936. What is j(-8)?
-368
Let m(l) = l**2 - l - 1367. What is m(-43)?
525
Let h(c) = 14*c**2 + 854*c + 4658. Calculate h(-55).
38
Let l(h) = 1162*h**2 + 2301*h - 25. Give l(-2).
21
Let i(w) = -781*w + 25065. Give i(32).
73
Let s(t) = -t**3 + 152*t**2 - 762*t + 3956. Give s(147).
-13
Let m(u) = -6*u**3 - 2*u**2 + 856*u - 853. Determine m(1).
-5
Let m(t) = 2*t**3 - 330*t**2 - 5796*t + 860. Calculate m(181).
136
Let v(k) = -k**3 + 8*k**2 + 378*k - 3963. Give v(12).
-3
Let g(v) = v**2 + 3202*v + 216176. Give g(-69).
-1
Let c(l) = 25*l**2 - 120*l - 232177. What is c(-94)?
3
Let t(x) = 313*x**2 + 11917*x + 869. Give t(-38).
-5
Let o(r) = -r**2 - 9*r + 1003. Calculate o(27).
31
Let i(d) = d**2 + 37*d - 2104. Give i(-72).
416
Let h(q) = q**2 + 1499*q + 92011. Calculate h(-64).
171
Let u(m) = -m**3 + 60*m**2 - 778*m + 80. Give u(42).
-844
Let j(s) = s**3 + 1201*s**2 + 2397*s - 1148. Calculate j(-1199).
51
Let d(h) = -4773*h - 71385. What is d(-15)?
210
Let c(t) = -677968*t - 3389852. Calculate c(-5).
-12
Let r(x) = x**2 - 2*x - 283. Determine r(25).
292
Let w(j) = 4*j**3 + 40*j**2 - 502*j - 5027. Calculate w(-10).
-7
Let r(w) = 19*w**2 - 805*w - 500. Give r(43).
16
Let k(b) = 440560*b + 881107. Determine k(-2).
-13
Let q(w) = -w**3 - 20*w**2 + 998*w + 311. Give q(-43).
-76
Let f(p) = -5*p**2 + 191*p + 38182. Give f(109).
-404
Let a(u) = -7*u**3 - 89*u**2 + 36*u + 146. What is a(-13)?
16
Let o(p) = -471*p**2 + 583*p - 582. Give o(1).
-470
Let o(m) = 195157*m - 1561247. Calculate o(8).
9
Let t(u) = 4*u**2 + 892*u - 23995. Give t(27).
3005
Let z(n) = -n**2 + 113*n - 1132. What is z(125)?
-2632
Let k(n) = n**3 + 16*n**2 - 13*n - 178. Calculate k(-15).
242
Let m(n) = -n**2 + 444*n - 10470. Determine m(25).
5
Let y(f) = f**3 + 10*f**2 + 15*f - 33. Calculate y(-9).
-87
Let i(s) = -14*s**3 + 27140*s**2 + 11615*s + 36844. What is i(1939)?
3
Let d(i) = -107*i**2 - 281*i - 40. Determine d(-4).
-628
Let p(j) = 457282*j + 36125269. Calculate p(-79).
-9
Let n(a) = 515286*a + 2576433. Calculate n(-5).
3
Let q(s) = -7*s**2 + 101*s + 471. Give q(-7).
-579
Let z(d) = 10*d**2 - 145*d + 326. What is z(15)?
401
Let p(b) = -79*b**3 - 144*b**2 + b - 3. Give p(2).
-1209
Let t(c) = c**3 - 16*c**2 - 619*c + 233. Calculate t(34).
-5
Let a(t) = -t**2 + 5341*t + 32073. Calculate a(-6).
-9
Let x(w) = -8*w**2 - 473*w + 2799. Give x(6).
-327
Let n(a) = a**3 + 1369*a**2 - 34845*a + 13. Give n(25).
138
Let g(b) = -b**2 - 201*b - 7015. Give g(-46).
115
Let u(a) = 4*a**2 - 12*a - 456. Calculate u(-13).
376
Let v(d) = 460*d - 172041. Give v(374).
-1
Let b(d) = d**3 + 1534*d**2 + 10681*d - 64. Determine b(-7).
-8
Let y(q) = -33*q**2 - 866*q - 386. Give y(-27).
-1061
Let l(v) = 13*v**3 - 97*v - 375. Calculate l(-4).
-819
Let f(d) = 431*d**2 - 3425*d - 182. Determine f(8).
2
Let s(i) = -340*i - 9029. Calculate s(-28).
491
Let v(l) = 7903*l - 205456. Give v(26).
22
Let d(h) = 98*h**2 + 142*h - 4. Calculate d(-2).
104
Let w(y) = -707*y - 10587. What is w(-15)?
18
Let g(m) = -25*m**2 + 1343*m - 3765. Give g(51).
-297
Let y(g) = 2*g**3 - 174*g**2 - 250*g + 6489. Give y(88).
-23
Let r(o) = -o**3 - 16*o**2 - 565*o - 11742. What is r(-19)?
76
Let o(u) = -u**2 - 144746*u + 12310633. Calculate o(85).
-2
Let v(b) = -2128*b + 712872. Give v(335).
-8
Let f(z) = 981*z + 2022. Give f(-4).
-1902
Let x(n) = 2*n**2 - 12*n + 208. What is x(0)?
208
Let r(q) = 333*q + 115165. Give r(-346).
-53
Let g(k) = 10642*k - 2319950. Give g(218).
6
Let i(r) = r**3 - 104*r**2 + 1009*r - 985. Determine i(10).
-295
Let x(w) = -2840*w - 19951. What is x(-7)?
-71
Let n(o) = 2*o**3 + 210*o**2 - 207*o + 270. Give n(-106).
-260
Let m(z) = -50*z**2 - 361*z - 2060. Determine m(-6).
-1694
Let g(v) = 1066*v - 22992. Give g(21).
-606
Let h(i) = -1328*i - 11067. Calcu